{"id":57,"date":"2019-07-13T22:04:35","date_gmt":"2019-07-13T19:04:35","guid":{"rendered":"http:\/\/docentlikbasvurulari.com\/?page_id=57"},"modified":"2019-07-24T15:12:40","modified_gmt":"2019-07-24T12:12:40","slug":"guzel-sanatlar","status":"publish","type":"page","link":"https:\/\/docentlikbasvurulari.com\/index.php\/guzel-sanatlar\/","title":{"rendered":"G\u00fczel Sanatlar"},"content":{"rendered":"\n<p><\/p>\n\n\n\n<p><strong>I) Ba\u015fvuru \u015eartlar\u0131<\/strong><\/p>\n\n\n\n<p>2547 Say\u0131l\u0131 Y\u00fcksek\u00f6\u011fretim Kanununun 24.\nMaddesine g\u00f6re Do\u00e7entlik S\u0131nav\u0131 \u00dcniversiteleraras\u0131 Kurul Ba\u015fkanl\u0131\u011f\u0131 taraf\u0131ndan\ny\u0131lda iki defa yap\u0131lmakta olup, ba\u015fvuru \u015fartlar\u0131 \u015fu \u015fekilde ifade edilmektedir.<\/p>\n\n\n\n<p><strong>(1)<\/strong>&nbsp;Bir lisans diplomas\u0131 ald\u0131ktan sonra,&nbsp;<strong>doktora<\/strong>&nbsp;ile\nt\u0131pta, di\u015f hekimli\u011finde, eczac\u0131l\u0131kta ve veteriner hekimlikte uzmanl\u0131k unvan\u0131n\u0131\nveya \u00dcniversiteleraras\u0131 Kurulun \u00f6nerisi \u00fczerine Y\u00fcksek\u00f6\u011fretim Kurulunca tespit\nedilen belli sanat dallar\u0131n\u0131n birinde yeterlik kazanm\u0131\u015f olmak,<\/p>\n\n\n\n<p><strong>(2)<\/strong>&nbsp;Y\u00fcksek\u00f6\u011fretim Kurulu taraf\u0131ndan belirlenen merkez\u00ee bir yabanc\u0131\ndil s\u0131nav\u0131ndan en&nbsp;<strong>az elli be\u015f puan<\/strong>&nbsp;veya uluslararas\u0131\nge\u00e7erlili\u011fi Y\u00fcksek\u00f6\u011fretim Kurulu taraf\u0131ndan kabul edilen bir yabanc\u0131 dil\ns\u0131nav\u0131ndan buna denk bir puan alm\u0131\u015f olmak; do\u00e7entlik bilim alan\u0131n\u0131n belli bir\nyabanc\u0131 dille ilgili olmas\u0131 halinde ise bu s\u0131nav\u0131 ba\u015fka bir yabanc\u0131 dilde\nvermek.<\/p>\n\n\n\n<p><strong>(3)<\/strong>&nbsp;\u00dcniversiteleraras\u0131 Kurulun g\u00f6r\u00fc\u015f\u00fc \u00fczerine Y\u00fcksek\u00f6\u011fretim Kurulu\ntaraf\u0131ndan her bir bilim veya sanat disiplininin \u00f6zellikleri dikkate al\u0131narak\nbelirlenecek yeterli say\u0131 ve nitelikte \u00f6zg\u00fcn bilimsel yay\u0131n ve \u00e7al\u0131\u015fmalar\nyapmak.<\/p>\n\n\n\n<p><strong>II) Ba\u015fvuru Kriterleri<\/strong><\/p>\n\n\n\n<p>Ba\u015fvuru Kriterleri \u00dcniversiteleraras\u0131 Kurulun\ng\u00f6r\u00fc\u015f\u00fc \u00fczerine Y\u00fcksek\u00f6\u011fretim Kurulu taraf\u0131ndan her bir bilim veya sanat\ndisiplininin \u00f6zellikleri dikkate al\u0131narak \u00e7\u0131kar\u0131lm\u0131\u015ft\u0131r. <\/p>\n\n\n\n<p><strong>Ba\u015fvurulacak\nolan Temel Alanlar ve Bilim Alanlar\u0131 ile Anahtar Kelimeler:<\/strong><\/p>\n\n\n\n<p><a href=\"http:\/\/www.uak.gov.tr\/temelalan\/2019M_BilimAlanlariAnahtarKelimeler_140319.pdf\">http:\/\/www.uak.gov.tr\/temelalan\/2019M_BilimAlanlariAnahtarKelimeler_140319.pdf<\/a><\/p>\n\n\n\n<ul class=\"wp-block-list\"><li>Geleneksel\nT\u00fcrk Sanatlar\u0131 <\/li><li>M\u00fczik<\/li><li>Sahne\nSanatlar\u0131 <\/li><li>Sinema\n<\/li><li>Tasar\u0131m\n<\/li><li>Ta\u015f\u0131nabilir K\u00fclt\u00fcr Varl\u0131klar\u0131 \/ Sanat Eserleri\nRestorasyonu ve Konservasyonu<\/li><\/ul>\n\n\n\n<p><strong>G\u00fczel Sanatlar Temel Alan\u0131 Ba\u015fvuru Kriterleri:<\/strong><a href=\"http:\/\/www.uak.gov.tr\/temelalan\/TA_Tablo4_2019M_071217.pdf\"> <\/a><a href=\"http:\/\/www.uak.gov.tr\/temelalan\/TA_Tablo4_2019M_071217.pdf\">http:\/\/www.uak.gov.tr\/temelalan\/TA_Tablo4_2019M_071217.pdf<\/a><\/p>\n","protected":false},"excerpt":{"rendered":"<p>I) Ba\u015fvuru \u015eartlar\u0131 2547 Say\u0131l\u0131 Y\u00fcksek\u00f6\u011fretim Kanununun 24. Maddesine g\u00f6re Do\u00e7entlik S\u0131nav\u0131 \u00dcniversiteleraras\u0131 Kurul Ba\u015fkanl\u0131\u011f\u0131 taraf\u0131ndan y\u0131lda iki defa yap\u0131lmakta olup, ba\u015fvuru \u015fartlar\u0131 \u015fu \u015fekilde ifade edilmektedir. (1)&nbsp;Bir lisans diplomas\u0131 ald\u0131ktan sonra,&nbsp;doktora&nbsp;ile t\u0131pta, di\u015f hekimli\u011finde, eczac\u0131l\u0131kta ve veteriner hekimlikte uzmanl\u0131k unvan\u0131n\u0131 veya \u00dcniversiteleraras\u0131 Kurulun \u00f6nerisi \u00fczerine Y\u00fcksek\u00f6\u011fretim Kurulunca tespit edilen belli sanat dallar\u0131n\u0131n birinde yeterlik<\/p>\n<a class=\"btn_a\" href=\"https:\/\/docentlikbasvurulari.com\/index.php\/guzel-sanatlar\/\"><span><i class=\"in_left fa fa-angle-right\"><\/i><span>Details<\/span><i class=\"in_right fa fa-angle-right\"><\/i><\/span><\/a>","protected":false},"author":1,"featured_media":180,"parent":0,"menu_order":0,"comment_status":"closed","ping_status":"closed","template":"","meta":{"footnotes":""},"class_list":["post-57","page","type-page","status-publish","has-post-thumbnail","hentry"],"_links":{"self":[{"href":"https:\/\/docentlikbasvurulari.com\/index.php\/wp-json\/wp\/v2\/pages\/57","targetHints":{"allow":["GET"]}}],"collection":[{"href":"https:\/\/docentlikbasvurulari.com\/index.php\/wp-json\/wp\/v2\/pages"}],"about":[{"href":"https:\/\/docentlikbasvurulari.com\/index.php\/wp-json\/wp\/v2\/types\/page"}],"author":[{"embeddable":true,"href":"https:\/\/docentlikbasvurulari.com\/index.php\/wp-json\/wp\/v2\/users\/1"}],"replies":[{"embeddable":true,"href":"https:\/\/docentlikbasvurulari.com\/index.php\/wp-json\/wp\/v2\/comments?post=57"}],"version-history":[{"count":3,"href":"https:\/\/docentlikbasvurulari.com\/index.php\/wp-json\/wp\/v2\/pages\/57\/revisions"}],"predecessor-version":[{"id":231,"href":"https:\/\/docentlikbasvurulari.com\/index.php\/wp-json\/wp\/v2\/pages\/57\/revisions\/231"}],"wp:featuredmedia":[{"embeddable":true,"href":"https:\/\/docentlikbasvurulari.com\/index.php\/wp-json\/wp\/v2\/media\/180"}],"wp:attachment":[{"href":"https:\/\/docentlikbasvurulari.com\/index.php\/wp-json\/wp\/v2\/media?parent=57"}],"curies":[{"name":"wp","href":"https:\/\/api.w.org\/{rel}","templated":true}]}}