{"id":34,"date":"2019-07-11T15:42:25","date_gmt":"2019-07-11T12:42:25","guid":{"rendered":"http:\/\/docentlikbasvurulari.com\/?page_id=34"},"modified":"2019-08-19T14:20:17","modified_gmt":"2019-08-19T11:20:17","slug":"etik-inceleme","status":"publish","type":"page","link":"https:\/\/docentlikbasvurulari.com\/index.php\/etik-inceleme\/","title":{"rendered":"Etik \u0130nceleme"},"content":{"rendered":"\n<p style=\"text-align:justify\">\u00dcniversiteleraras\u0131\nKurul Ba\u015fkanl\u0131\u011f\u0131n\u0131n \u00f6nemli g\u00f6revlerinden bir tanesi de do\u00e7entlik s\u00fcrecinde\nortaya \u00e7\u0131kan bilimsel ara\u015ft\u0131rma ve yay\u0131n eti\u011fi ihlallerini incelemektir. Etik\nincelemeler Do\u00e7entlik S\u0131nav Y\u00f6netmeli\u011finin 7. Maddesi kapsam\u0131nda \u00dcAK Bilimsel\nAra\u015ft\u0131rma ve Yay\u0131n Eti\u011fi Y\u00f6nergesine g\u00f6re yap\u0131lmaktad\u0131r.<\/p>\n\n\n\n<p style=\"text-align:justify\">Y\u00f6nergenin\ndayana\u011f\u0131 2547 Say\u0131l\u0131 Y\u00d6K Kanununun 11. Maddesi ve Do\u00e7entlik S\u0131nav Y\u00f6netmeli\u011finin\n7. Maddesidir. Y\u00f6nerge do\u00e7ent adaylar\u0131n\u0131n uymas\u0131 gereken her t\u00fcr bilimsel ara\u015ft\u0131rma,\n\u00e7al\u0131\u015fma, yay\u0131n ve etkinliklerde uyulmas\u0131 gereken bilim eti\u011fi kurallar\u0131n\u0131 ve\n\u00dcniversiteleraras\u0131 Kurul bilimsel ara\u015ft\u0131rma ve yay\u0131n eti\u011fi komisyonlar\u0131n\u0131n\ng\u00f6rev, yetki, sorumluluk ve \u00e7al\u0131\u015fma usullerini d\u00fczenlemektedir.<\/p>\n\n\n\n<p style=\"text-align:justify\"><strong>\u00dcAK\nEtik Y\u00f6nergesinin 8. Maddesine g\u00f6re etik inceleme ba\u015flat\u0131lmas\u0131 4 \u015fekilde\nger\u00e7ekle\u015fmektedir.&nbsp;<\/strong><\/p>\n\n\n\n<p style=\"text-align:justify\">1.\nDo\u00e7ent Aday\u0131 Hakk\u0131nda J\u00fcri \u00dcyesinin \u0130ddialar\u0131<\/p>\n\n\n\n<p style=\"text-align:justify\">2.\nDo\u00e7ent Aday\u0131 Hakk\u0131nda do\u00e7entlik dosyas\u0131nda bulunan eser hakk\u0131nda bilimsel ara\u015ft\u0131rma\nve yay\u0131n eti\u011fine ayk\u0131r\u0131l\u0131k bulundu\u011funu iddia eden \u015fik\u00e2yet\/ihbar dilek\u00e7esi<\/p>\n\n\n\n<p style=\"text-align:justify\">3.\nDo\u00e7entlik unvan\u0131n\u0131 alm\u0131\u015f ki\u015filer hakk\u0131nda do\u00e7entlik dosyas\u0131nda bulunan eser\nhakk\u0131nda bilimsel ara\u015ft\u0131rma ve yay\u0131n eti\u011fine ayk\u0131r\u0131l\u0131k bulundu\u011funu iddia eden \u015fik\u00e2yet\/ihbar\ndilek\u00e7eleri,<\/p>\n\n\n\n<p style=\"text-align:justify\">4.\nYurtd\u0131\u015f\u0131nda Al\u0131nan Doktora, Sanatta Yeterlik, Do\u00e7entlik, Profes\u00f6rl\u00fck Unvanlar\u0131n\u0131n\nDenkli\u011finin verilmesi amac\u0131yla \u00dcniversiteleraras\u0131 Kurul Ba\u015fkanl\u0131\u011f\u0131na sunulan ba\u015fvuru\ndosyas\u0131nda bulunan eser hakk\u0131nda bilimsel ara\u015ft\u0131rma ve yay\u0131n eti\u011fine ayk\u0131r\u0131l\u0131k\nbulundu\u011funu iddia eden \u015fik\u00e2yet\/ihbar dilek\u00e7eleri<\/p>\n\n\n\n<p style=\"text-align:justify\">Y\u00f6nerge\nile Do\u00e7entlik S\u0131nav Y\u00f6netmeli\u011finin 7. Maddesi kapsam\u0131nda Bilimsel ara\u015ft\u0131rma ve\nyay\u0131n eti\u011fine ayk\u0131r\u0131l\u0131k iddialar\u0131n\u0131 incelemek ve sonu\u00e7land\u0131rmak amac\u0131yla\n\u00dcniversiteleraras\u0131 Kurul b\u00fcnyesinde&nbsp;<strong>Fen ve M\u00fchendislik Bilimleri, Sa\u011fl\u0131k ve Spor Bilimleri, Sosyal ve\nBe\u015feri Bilimler ile G\u00fczel Sanatlar alanlar\u0131ndan olmak \u00fczere \u00fc\u00e7 adet Bilimsel\nAra\u015ft\u0131rma ve Yay\u0131n Eti\u011fi Komisyonu kurulmu\u015ftur.<\/strong>&nbsp;Komisyon\n\u00dcyeleri \u00dcAK Ba\u015fkan\u0131 taraf\u0131ndan se\u00e7ilmekte ve Komisyonlar 7 ki\u015fiden olu\u015fmaktad\u0131r.\nG\u00f6rev s\u00fcreleri 3 y\u0131ld\u0131r.<\/p>\n\n\n\n<p style=\"text-align:justify\">\u00dcAK Etik Y\u00f6nergesinin 10. Maddesine g\u00f6re Etik Komisyonun iddialar  hakk\u0131nda ilk olarak somut bilgi ve belgeyle desteklenip desteklenmedi\u011fi incelemesi yap\u0131larak bu kanaatte ise yaz\u0131l\u0131 savunma istenir.&nbsp;<strong>Savunma i\u00e7in verilen s\u00fcre 15 g\u00fcnd\u00fcr.<\/strong>&nbsp;Ancak savunma verilen s\u00fcrenin uygulamada bir ge\u00e7erlili\u011fi bulunmamaktad\u0131r. \u00c7\u00fcnk\u00fc Komisyonlar bir bu\u00e7uk ayda bir toplanmakta ve savunmalar bu toplant\u0131larda incelemektedir. Savunma yeti\u015fmedi\u011fi takdirde Komisyonlar savunman\u0131n beklenmesi karar\u0131 almakta, bir sonraki toplant\u0131da da g\u00f6nderilmemesi halinde son savunma istem yaz\u0131s\u0131 g\u00f6nderilmektedir. Bu halde de savunman\u0131n dosyaya sunulmamas\u0131 halinde mevcut bilgi ve belgelere g\u00f6re incelemesini tamamlamaktad\u0131r.&nbsp;<strong>Komisyon baz\u0131 hallerde s\u00f6zl\u00fc savunma alaca\u011f\u0131 ifade edilse de bu yola ba\u015fvurulmamaktad\u0131r.<\/strong><\/p>\n\n\n\n<p style=\"text-align:justify\"><strong>\u0130nceleme\nsonucunda ilgili bilimsel ara\u015ft\u0131rma ve yay\u0131n eti\u011fi komisyonu taraf\u0131ndan\nincelenen bilimsel ara\u015ft\u0131rma ve yay\u0131n eti\u011fine ayk\u0131r\u0131l\u0131k iddias\u0131n\u0131n do\u011fru olmad\u0131\u011f\u0131n\u0131n\ntespiti halinde, do\u00e7entlik de\u011ferlendirme s\u00fcreci kald\u0131\u011f\u0131 yerden devam eder. Etik\nihlal de\u011ferlendirmesi yapan j\u00fcri \u00fcyesi \u00fcyelikten \u00e7\u0131kar\u0131larak yerine yedek \u00fcye\natan\u0131r.<\/strong>&nbsp;Bu durumda en az 5 de 3 ba\u015far\u0131l\u0131 olan adaylara\nDo\u00e7entlik Belgesi d\u00fczenlenir, ba\u015far\u0131s\u0131z olan adaylara da ba\u015far\u0131s\u0131z oldu\u011fu tebli\u011f\nedilir.<\/p>\n\n\n\n<p style=\"text-align:justify\">Bilimsel\nara\u015ft\u0131rma ve yay\u0131n eti\u011fine ayk\u0131r\u0131l\u0131k iddias\u0131 hakk\u0131nda yap\u0131lacak inceleme\nneticesinde etik ihlalde bulundu\u011funa karar verilen aday, do\u00e7entlik s\u0131nav\u0131 ba\u015fvurusunda\nba\u015far\u0131s\u0131z say\u0131l\u0131r. \u0130nceleme neticesinde etik ihlalde bulundu\u011funa karar verilen\naday hakk\u0131nda gerekli i\u015flemlerin yap\u0131lmas\u0131 i\u00e7in al\u0131nan karar Y\u00fcksek\u00f6\u011fretim\nKurulu Ba\u015fkanl\u0131\u011f\u0131na bildirilir. Bildirim \u00fczerine Y\u00fcksek\u00f6\u011fretim Kurulu Ba\u015fkanl\u0131\u011f\u0131\ntaraf\u0131ndan, aday\u0131n ba\u011fl\u0131 oldu\u011fu y\u00fcksek\u00f6\u011fretim kurumuna veya ba\u011fl\u0131 bulundu\u011fu\nkuruma gerekli disiplin ve di\u011fer idar\u00ee i\u015flemlerin ba\u015flat\u0131lmas\u0131 amac\u0131yla bilgi\nverilir.<\/p>\n\n\n\n<p style=\"text-align:justify\"><strong>\u00dcAK\nEtik Y\u00f6nergesinin 6. Maddesinde etik inceleme ge\u00e7iren ve haklar\u0131nda etik ihlal\nkarar\u0131 al\u0131nm\u0131\u015f do\u00e7ent adaylar\u0131n\u0131n yeni ba\u015fvurular\u0131nda bu eserleri yay\u0131n\nlistelerine eklemeleri ve bu durumu k\u0131sa a\u00e7\u0131klamalar ile belirterek bu yay\u0131nlar\u0131\npuanlamalar\u0131 gerekmektedir.<\/strong>&nbsp;<\/p>\n\n\n\n<p style=\"text-align:justify\"><strong>\u00dcAK\nEtik Y\u00f6nergesinin 14. Maddesinde komisyon taraf\u0131ndan hakk\u0131nda inceleme yap\u0131lm\u0131\u015f\nve karara ba\u011flanm\u0131\u015f bir konu hakk\u0131nda tekrar inceleme yap\u0131lamamakta aksi durum\nm\u00fckerrer incelemeye girmektedir.<\/strong>&nbsp;Ayr\u0131ca \u00dcAK Etik Komisyon taraf\u0131ndan yap\u0131lan\nincelemelerin mutlak oldu\u011fu, di\u011fer komisyonlar taraf\u0131ndan yap\u0131lan inceleme ve\nsoru\u015fturmalar\u0131n \u00dcAK Etik Komisyon taraf\u0131ndan yap\u0131lacak incelemeye engel te\u015fkil\netmedi\u011fi ifade edilmektedir.<\/p>\n","protected":false},"excerpt":{"rendered":"<p>\u00dcniversiteleraras\u0131 Kurul Ba\u015fkanl\u0131\u011f\u0131n\u0131n \u00f6nemli g\u00f6revlerinden bir tanesi de do\u00e7entlik s\u00fcrecinde ortaya \u00e7\u0131kan bilimsel ara\u015ft\u0131rma ve yay\u0131n eti\u011fi ihlallerini incelemektir. Etik incelemeler Do\u00e7entlik S\u0131nav Y\u00f6netmeli\u011finin 7. Maddesi kapsam\u0131nda \u00dcAK Bilimsel Ara\u015ft\u0131rma ve Yay\u0131n Eti\u011fi Y\u00f6nergesine g\u00f6re yap\u0131lmaktad\u0131r. Y\u00f6nergenin dayana\u011f\u0131 2547 Say\u0131l\u0131 Y\u00d6K Kanununun 11. Maddesi ve Do\u00e7entlik S\u0131nav Y\u00f6netmeli\u011finin 7. Maddesidir. Y\u00f6nerge do\u00e7ent adaylar\u0131n\u0131n uymas\u0131 gereken<\/p>\n<a class=\"btn_a\" href=\"https:\/\/docentlikbasvurulari.com\/index.php\/etik-inceleme\/\"><span><i class=\"in_left fa fa-angle-right\"><\/i><span>Details<\/span><i class=\"in_right fa fa-angle-right\"><\/i><\/span><\/a>","protected":false},"author":1,"featured_media":165,"parent":0,"menu_order":0,"comment_status":"closed","ping_status":"closed","template":"","meta":{"footnotes":""},"class_list":["post-34","page","type-page","status-publish","has-post-thumbnail","hentry"],"_links":{"self":[{"href":"https:\/\/docentlikbasvurulari.com\/index.php\/wp-json\/wp\/v2\/pages\/34","targetHints":{"allow":["GET"]}}],"collection":[{"href":"https:\/\/docentlikbasvurulari.com\/index.php\/wp-json\/wp\/v2\/pages"}],"about":[{"href":"https:\/\/docentlikbasvurulari.com\/index.php\/wp-json\/wp\/v2\/types\/page"}],"author":[{"embeddable":true,"href":"https:\/\/docentlikbasvurulari.com\/index.php\/wp-json\/wp\/v2\/users\/1"}],"replies":[{"embeddable":true,"href":"https:\/\/docentlikbasvurulari.com\/index.php\/wp-json\/wp\/v2\/comments?post=34"}],"version-history":[{"count":4,"href":"https:\/\/docentlikbasvurulari.com\/index.php\/wp-json\/wp\/v2\/pages\/34\/revisions"}],"predecessor-version":[{"id":304,"href":"https:\/\/docentlikbasvurulari.com\/index.php\/wp-json\/wp\/v2\/pages\/34\/revisions\/304"}],"wp:featuredmedia":[{"embeddable":true,"href":"https:\/\/docentlikbasvurulari.com\/index.php\/wp-json\/wp\/v2\/media\/165"}],"wp:attachment":[{"href":"https:\/\/docentlikbasvurulari.com\/index.php\/wp-json\/wp\/v2\/media?parent=34"}],"curies":[{"name":"wp","href":"https:\/\/api.w.org\/{rel}","templated":true}]}}