{"id":32,"date":"2019-07-11T15:42:04","date_gmt":"2019-07-11T12:42:04","guid":{"rendered":"http:\/\/docentlikbasvurulari.com\/?page_id=32"},"modified":"2019-08-19T14:22:41","modified_gmt":"2019-08-19T11:22:41","slug":"eser-inceleme","status":"publish","type":"page","link":"https:\/\/docentlikbasvurulari.com\/index.php\/eser-inceleme\/","title":{"rendered":"Eser \u0130nceleme"},"content":{"rendered":"\n<p>\u00d6N \u0130NCELEME VE ESER \u0130NCELEME A\u015eAMASI<\/p>\n\n\n\n<p style=\"text-align:justify\">2547 Say\u0131l\u0131 Y\u00fcksek\u00f6\u011fretim Kanunun 24. maddesi ve Do\u00e7entlik S\u0131nav\nY\u00f6netmeli\u011fi h\u00fck\u00fcmleri uyar\u0131nca Do\u00e7entlik s\u0131navlar\u0131n\u0131 d\u00fczenlemek ve ilgili\ny\u00f6netmelik gere\u011fince do\u00e7ent adaylar\u0131n\u0131n yay\u0131n ve ara\u015ft\u0131rmalar\u0131n\u0131n\nde\u011ferlendirilmesi ve do\u00e7entlik s\u0131nav\u0131 ile ilgili esaslar\u0131 tespit etmek ve\nj\u00fcrileri se\u00e7mek g\u00f6revi \u00dcniversiteleraras\u0131 Kurul Ba\u015fkanl\u0131\u011f\u0131na verilmi\u015ftir.<\/p>\n\n\n\n<p style=\"text-align:justify\">Do\u00e7entlik\nba\u015fvurular\u0131, eserlerle birlikte elektronik ortamda \u00dcniversiteleraras\u0131 Kurula\nyap\u0131l\u0131r. \u00dcniversiteleraras\u0131 Kurul ba\u015fka bir tarih belirlemedik\u00e7e do\u00e7entlik\nba\u015fvurusu Nisan ve Ekim aylar\u0131 olmak \u00fczere y\u0131lda iki defa yap\u0131lmaktad\u0131r. Bu\nba\u015fvurular Do\u00e7entlik Ba\u015fvuru Sistemi(DBS) \u00fczerinden yap\u0131lmakta olup aksi\nkararla\u015ft\u0131r\u0131lmad\u0131k\u00e7a ba\u015fvuruya esas ay\u0131n 15\u2019 i ile ilgili ay\u0131n sonuna kadar\ndevam etmektedir.<\/p>\n\n\n\n<p>Do\u00e7entlik\nBa\u015fvuru Sistemi(DBS)\u2019 ye ula\u015fmak i\u00e7in t\u0131klay\u0131n\u0131z.&nbsp;<a href=\"https:\/\/dbs.yok.gov.tr\/\">https:\/\/dbs.yok.gov.tr\/<\/a>\n<\/p>\n\n\n\n<p>Ayr\u0131ca\nDo\u00e7entlik Bilgi Sistemi (DBS) Do\u00e7entlik S\u0131nav\u0131 Aday Ba\u015fvuru Y\u00f6nergesine ula\u015fmak\ni\u00e7in t\u0131klay\u0131n\u0131z.<\/p>\n\n\n\n<p><a href=\"https:\/\/akademik.yok.gov.tr\/OZGECMIS\/documents\/dbsKilavuz.pdf\">https:\/\/akademik.yok.gov.tr\/OZGECMIS\/documents\/dbsKilavuz.pdf<\/a><\/p>\n\n\n\n<p style=\"text-align:justify\">Adaylar\u0131n DBS\n\u00fczerinden i\u015flemleri tamamlay\u0131p Ba\u015fvuru Dosyas\u0131n\u0131 \u00dcniversiteleraras\u0131 Kurul\nBa\u015fkanl\u0131\u011f\u0131na ba\u015fvuru tarihleri i\u00e7inde (taahh\u00fctl\u00fc posta\/kargo yolu ile\ng\u00f6ndermesi veya elden teslim etmesi gerekmektedir.&nbsp;<strong>Ba\u015fvuru s\u00fcresi i\u00e7inde DBS\u2019den ba\u015fvuru\nsonland\u0131rma ve ba\u015fvuru dosyas\u0131n\u0131 teslim i\u015flemini ger\u00e7ekle\u015ftirmeyen adaylar\u0131n\nba\u015fvurusu ge\u00e7ersiz say\u0131lmaktad\u0131r.&nbsp;&nbsp;Adaylar ba\u015fvurular\u0131n\u0131 onaylay\u0131p\nsistem \u00fczerinden \u00dcAK\u2019 a g\u00f6nderdikten sonra herhangi bir de\u011fi\u015fiklik yapamazlar.\nBu nedenle t\u00fcm bilgilerin kontrol edilerek onaylanmas\u0131 gerekmektedir.<\/strong><\/p>\n\n\n\n<p><strong>1) \u00d6N \u0130NCELEME<\/strong><\/p>\n\n\n\n<p style=\"text-align:justify\">Do\u00e7entlik\nba\u015fvurular\u0131, eserlerle birlikte elektronik ortamda \u00dcniversiteleraras\u0131 Kurula\nyap\u0131l\u0131r. \u00d6ncelikli olarak Do\u00e7entlik ba\u015fvuru \u015fartlar\u0131n\u0131n sa\u011flan\u0131p sa\u011flanmad\u0131\u011f\u0131na\nili\u015fkin \u00f6n incelemeye tabi tutulur.<\/p>\n\n\n\n<p style=\"text-align:justify\">Do\u00e7entlik\nba\u015fvuru \u015fartlar\u0131n\u0131n sa\u011flan\u0131p sa\u011flanmad\u0131\u011f\u0131, \u00dcniversiteleraras\u0131 Kurul Ba\u015fkanl\u0131\u011f\u0131\ntaraf\u0131ndan ilgili bilim\/sanat alanlar\u0131ndan g\u00f6revlendirilen en az iki profes\u00f6r\ntaraf\u0131ndan yap\u0131lan inceleme ile belirlenir.<\/p>\n\n\n\n<p style=\"text-align:justify\"><strong>Ancak s\u0131nav\u0131n herhangi bir a\u015famas\u0131nda, aday\u0131n do\u00e7entlik ba\u015fvuru\n\u015fartlar\u0131n\u0131 sa\u011flamad\u0131\u011f\u0131na ili\u015fkin ileri s\u00fcr\u00fclebilecek iddialar, Do\u00e7entlik S\u0131nav\nKomisyonunca incelenir. Do\u00e7entlik S\u0131nav Komisyonu taraf\u0131ndan ba\u015fvuru \u015fartlar\u0131n\u0131\nsa\u011flamad\u0131\u011f\u0131na karar verilen aday\u0131n do\u00e7entlik ba\u015fvurusu iptal olunur.<\/strong><\/p>\n\n\n\n<p><strong>2) ESER \u0130NCELEME A\u015eAMASI<\/strong><\/p>\n\n\n\n<p style=\"text-align:justify\">\u00d6n inceleme\na\u015famas\u0131nda ba\u015fvurunun eksiksiz oldu\u011fu ve gerekli \u015fekil \u015fartlar\u0131n\u0131 ta\u015f\u0131d\u0131\u011f\u0131\ntespit edilen adaylar\u0131n her biri i\u00e7in, Do\u00e7entlik Komisyonunca, ba\u015fvurulan\nbilim\/sanat alan\u0131 g\u00f6z \u00f6n\u00fcnde bulundurularak be\u015f as\u0131l ve iki yedek \u00fcyeden\nm\u00fcte\u015fekkil bir j\u00fcri olu\u015fturulur. Aday\u0131n ba\u015fvurdu\u011fu bilim\/sanat alan\u0131nda yeterli\n\u00f6\u011fretim \u00fcyesi yoksa j\u00fcri, en yak\u0131n bilim alan\u0131ndan, m\u00fcmk\u00fcn olmamas\u0131 durumunda\n\u00fc\u00e7 as\u0131l ve bir yedek \u00fcye ile tamamlan\u0131r.<\/p>\n\n\n\n<p style=\"text-align:justify\">Do\u00e7entlik s\u0131nav j\u00fcrisinde g\u00f6rev alabilmek i\u00e7in \u00f6\u011fretim \u00fcyesinin\nDevlet veya vak\u0131f y\u00fcksek\u00f6\u011fretim kurumlar\u0131nda profes\u00f6r olarak atanm\u0131\u015f olmas\u0131\n\u015fartt\u0131r.<\/p>\n\n\n\n<p style=\"text-align:justify\"><strong>Do\u00e7entlik j\u00fcrilerinde g\u00f6rev alabilecek profes\u00f6r unvanl\u0131 \u00f6\u011fretim\n\u00fcyelerinin listesi, Y\u00fcksek\u00f6\u011fretim Kurulu personel veri taban\u0131ndaki bilgiler\nesas al\u0131narak belirlenir. Do\u00e7entlik de\u011ferlendirme j\u00fcrisindeki as\u0131l ve yedek\n\u00fcyelikler, bu listede ilgili bilim alanlar\u0131nda yer alan \u00f6\u011fretim \u00fcyeleri\naras\u0131ndan objektif \u00f6l\u00e7\u00fctlere g\u00f6re belirlenir.<\/strong><\/p>\n\n\n\n<p style=\"text-align:justify\">\u00dcyeler ile ilgili her t\u00fcrl\u00fc itiraz Do\u00e7entlik S\u0131nav\nY\u00f6netmeli\u011finin 8. Maddesinin 3. F\u0131kras\u0131nda yer alan&nbsp;<em>\u201cAdaylar\u0131n do\u00e7entlik s\u00fcrecine ili\u015fkin\nher t\u00fcrl\u00fc itirazlar\u0131 Komisyon taraf\u0131ndan incelenerek karara ba\u011flan\u0131r.\u201d<\/em>&nbsp;Y\u00f6n\u00fcndeki\nh\u00fck\u00fcm gere\u011fince Do\u00e7entlik S\u0131nav Komisyonuna yap\u0131l\u0131r.<\/p>\n\n\n\n<p style=\"text-align:justify\">Do\u00e7entlik\nde\u011ferlendirme j\u00fcrisini olu\u015fturan as\u0131l ve yedek \u00fcyeler, aday\u0131n akademik\n\u00e7al\u0131\u015fmalar\u0131n\u0131n her birini nitelik ve bilim\/sanat alan\u0131na katk\u0131s\u0131&nbsp; a\u00e7\u0131s\u0131ndan de\u011ferlendirerek, \u00dcniversiteleraras\u0131\nKurul taraf\u0131ndan belirlenen \u015fekle uygun olarak haz\u0131rlad\u0131klar\u0131 ayr\u0131nt\u0131l\u0131 ve\ngerek\u00e7eli ki\u015fisel raporlar\u0131n\u0131 \u00dcniversiteleraras\u0131 Kurula elektronik ortamda\ng\u00f6nderirler. Bu raporlar, dosya say\u0131s\u0131 itibar\u0131yla azami birer ayl\u0131k s\u00fcrelerde haz\u0131rlanarak\ng\u00f6nderilir. Gerekli hallerde j\u00fcri \u00fcyesine Do\u00e7entlik Komisyonu taraf\u0131ndan toplam\nbir aya kadar ek s\u00fcre verilebilir.<\/p>\n\n\n\n<p style=\"text-align:justify\">As\u0131l \u00fcyelerin ge\u00e7erli bir mazeret olmaks\u0131z\u0131n raporunu s\u00fcresi\ni\u00e7inde Do\u00e7entlik Bilgi Sistemine (DBS) y\u00fckleyememesi halinde,\n\u00dcniversiteleraras\u0131 Kurul Ba\u015fkanl\u0131\u011f\u0131 taraf\u0131ndan bu ki\u015finin j\u00fcri \u00fcyeli\u011fi iptal\nedilir ve yedek \u00fcyelerin raporlar\u0131 s\u0131ras\u0131yla de\u011ferlendirmeye al\u0131n\u0131r.<\/p>\n\n\n\n<p style=\"text-align:justify\"><strong>\u00dcniversiteleraras\u0131 Kurul Ba\u015fkanl\u0131\u011f\u0131 as\u0131l \u00fcyeler herhangi bir\nmazeret bildirmeden ve bu mazeret gerekli makamlar taraf\u0131ndan kabul edilmeden\nyedek \u00fcyelere as\u0131l \u00fcyeler ile birlikte j\u00fcri \u00fcyelerine g\u00f6ndermektedir. S\u0131nav\nj\u00fcrilerinde as\u0131l ve yedek ayr\u0131m\u0131n\u0131n yap\u0131lmas\u0131n\u0131n yeg\u00e2ne sebebi as\u0131l\u0131n mazeret\nbildirmesi halinde yede\u011fe beklenmeksizin g\u00f6nderilmesidir. Do\u00e7entlik S\u0131nav\nY\u00f6netmeli\u011finin 6. Maddesinin 5. F\u0131kras\u0131nda yer alan&nbsp;<\/strong><em>As\u0131l \u00fcyelerin makul bir mazeret olmaks\u0131z\u0131n raporunu s\u00fcresinde\ng\u00f6ndermemesi halinde, \u00dcniversiteleraras\u0131 Kurul Ba\u015fkanl\u0131\u011f\u0131 taraf\u0131ndan bu ki\u015finin\nj\u00fcri \u00fcyeli\u011fi iptal edilir ve yedek \u00fcyelerin raporlar\u0131 s\u0131ras\u0131yla de\u011ferlendirmeye\nal\u0131n\u0131r.\u201d<\/em><strong>&nbsp;\u015eeklinde d\u00fczenlenen h\u00fck\u00fcmde bunun en\na\u00e7\u0131k kan\u0131t\u0131d\u0131r. Bu y\u00f6ndeki tutumu neticesinde bir\u00e7ok m\u00fcvekkilimiz ma\u011fduriyete\nu\u011framaktad\u0131r. \u015e\u00f6yle ki; s\u0131navda j\u00fcri \u00fcyesi olarak belirlenen yedek j\u00fcri \u00fcyesi\nDo\u00e7entlik S\u0131nav Y\u00f6netmeli\u011finin 7. Maddesi uyar\u0131nca etik inceleme talep etmekte,\nas\u0131l \u00fcyelerinin de\u011ferlendirilmesi neticesinde ba\u015far\u0131l\u0131 olmas\u0131na ra\u011fmen etik\ns\u00fcre\u00e7 ge\u00e7irmektedir. \u00dcniversiteleraras\u0131 Kurulun bu tutumu hukuka ve mevzuata\nayk\u0131r\u0131d\u0131r.<\/strong><\/p>\n\n\n\n<p style=\"text-align:justify\">De\u011ferlendirmeye esas al\u0131nan j\u00fcri\nraporlar\u0131 tamamland\u0131\u011f\u0131nda, raporlar\u0131n birer \u00f6rne\u011fi, eser incelemesi sonucuna\nili\u015fkin bildirim yaz\u0131s\u0131yla birlikte Do\u00e7entlik Bilgi Sistemi (DBS) \u00fczerinden\nadaya g\u00f6nderilir. Bununla birlikte asgari ba\u015fvuru \u015fartlar\u0131n\u0131 sa\u011flamayan adaya\nsadece ba\u015fvuru \u015fartlar\u0131n\u0131 sa\u011flamad\u0131\u011f\u0131na dair bildirim yap\u0131l\u0131r. Be\u015f \u00fcyeden\nolu\u015fan j\u00fcrilerde en az \u00fc\u00e7 \u00fcyenin, \u00fc\u00e7 \u00fcyeden olu\u015fan j\u00fcrilerde ise en az iki\n\u00fcyenin, eser ve di\u011fer faaliyetlerden aday\u0131 ba\u015far\u0131l\u0131 bulmas\u0131 halinde aday\nba\u015far\u0131l\u0131 say\u0131l\u0131r. Ba\u015far\u0131s\u0131z bulunan aday, j\u00fcri taraf\u0131ndan eksik bulunan eser ve\nfaaliyetleri tamamlamak kayd\u0131yla m\u00fcracaat d\u00f6nemi esas al\u0131nmak suretiyle en\nerken izleyen \u00fc\u00e7\u00fcnc\u00fc d\u00f6nemde yeniden ba\u015fvurabilir.<\/p>\n\n\n\n<p style=\"text-align:justify\">Bilimsel\/sanatsal\nyay\u0131n ve akademik \u00e7al\u0131\u015fmalar\u0131n\u0131n de\u011ferlendirilmesi sonucunda ba\u015far\u0131l\u0131 olan\nadaya, \u00dcniversiteleraras\u0131 Kurul Y\u00f6netim Kurulu karar\u0131 ile karar tarihinden\nitibaren ilgili bilim\/sanat alan\u0131nda \u201cDo\u00e7entlik Unvan\u0131\u201d verilir ve \u201cDo\u00e7entlik\nBelgesi\u201d d\u00fczenlenir.<\/p>\n","protected":false},"excerpt":{"rendered":"<p>\u00d6N \u0130NCELEME VE ESER \u0130NCELEME A\u015eAMASI 2547 Say\u0131l\u0131 Y\u00fcksek\u00f6\u011fretim Kanunun 24. maddesi ve Do\u00e7entlik S\u0131nav Y\u00f6netmeli\u011fi h\u00fck\u00fcmleri uyar\u0131nca Do\u00e7entlik s\u0131navlar\u0131n\u0131 d\u00fczenlemek ve ilgili y\u00f6netmelik gere\u011fince do\u00e7ent adaylar\u0131n\u0131n yay\u0131n ve ara\u015ft\u0131rmalar\u0131n\u0131n de\u011ferlendirilmesi ve do\u00e7entlik s\u0131nav\u0131 ile ilgili esaslar\u0131 tespit etmek ve j\u00fcrileri se\u00e7mek g\u00f6revi \u00dcniversiteleraras\u0131 Kurul Ba\u015fkanl\u0131\u011f\u0131na verilmi\u015ftir. Do\u00e7entlik ba\u015fvurular\u0131, eserlerle birlikte elektronik ortamda \u00dcniversiteleraras\u0131 Kurula<\/p>\n<a class=\"btn_a\" href=\"https:\/\/docentlikbasvurulari.com\/index.php\/eser-inceleme\/\"><span><i class=\"in_left fa fa-angle-right\"><\/i><span>Details<\/span><i class=\"in_right fa fa-angle-right\"><\/i><\/span><\/a>","protected":false},"author":1,"featured_media":269,"parent":0,"menu_order":0,"comment_status":"closed","ping_status":"closed","template":"","meta":{"footnotes":""},"class_list":["post-32","page","type-page","status-publish","has-post-thumbnail","hentry"],"_links":{"self":[{"href":"https:\/\/docentlikbasvurulari.com\/index.php\/wp-json\/wp\/v2\/pages\/32","targetHints":{"allow":["GET"]}}],"collection":[{"href":"https:\/\/docentlikbasvurulari.com\/index.php\/wp-json\/wp\/v2\/pages"}],"about":[{"href":"https:\/\/docentlikbasvurulari.com\/index.php\/wp-json\/wp\/v2\/types\/page"}],"author":[{"embeddable":true,"href":"https:\/\/docentlikbasvurulari.com\/index.php\/wp-json\/wp\/v2\/users\/1"}],"replies":[{"embeddable":true,"href":"https:\/\/docentlikbasvurulari.com\/index.php\/wp-json\/wp\/v2\/comments?post=32"}],"version-history":[{"count":3,"href":"https:\/\/docentlikbasvurulari.com\/index.php\/wp-json\/wp\/v2\/pages\/32\/revisions"}],"predecessor-version":[{"id":306,"href":"https:\/\/docentlikbasvurulari.com\/index.php\/wp-json\/wp\/v2\/pages\/32\/revisions\/306"}],"wp:featuredmedia":[{"embeddable":true,"href":"https:\/\/docentlikbasvurulari.com\/index.php\/wp-json\/wp\/v2\/media\/269"}],"wp:attachment":[{"href":"https:\/\/docentlikbasvurulari.com\/index.php\/wp-json\/wp\/v2\/media?parent=32"}],"curies":[{"name":"wp","href":"https:\/\/api.w.org\/{rel}","templated":true}]}}